of (o/(-9))/(12/(-21816)) - 2?
0
Suppose 5*o - l = 299303, 2*o - 27*l = -28*l + 119717. What is the ten thousands digit of o?
5
Let g = 187 - 196. What is the hundreds digit of 2/3 + (g - (-11020)/30)?
3
Suppose 179*c = 290040 + 4660921. What is the ten thousands digit of c?
2
Let l = 49858 + -33452. What is the tens digit of l?
0
Let d be 3051/18 + (-2)/4. Let m = -64 + d. Suppose -m = -5*u + 55. What is the units digit of u?
2
Suppose -3*w = 23*k - 26*k + 109905, 109941 = 3*k + 3*w. What is the units digit of k?
1
Let a(j) = j**2 - 8*j + 18. Let d be -4 + (-66)/(-5) + (-5)/25. Let s be a(d). What is the tens digit of (-9)/(s/(-568)) - (-4)/6?
9
Suppose 15*v - 3480 = 60. Suppose -5*w - f + v = f, 83 = 2*w - 3*f. What is the tens digit of w?
4
Let w(k) = -147*k + 869*k - 5 + 8. What is the units digit of w(1)?
5
Let k(l) = 63*l + 20. What is the hundreds digit of k(3)?
2
Let f = -81 + 159. Suppose f*h + 1456 = 80*h. What is the hundreds digit of h?
7
What is the hundreds digit of 2392560/96 + 24/(-16)?
9
Suppose 3*f = 9, -5992 = -11*z + 10*z - 2*f. What is the thousands digit of z?
5
Let x = -32600 + 52350. Suppose -12*a = 13*a - x. What is the units digit of a?
0
Let t(p) = -340*p**2 + 17*p + 31. Let i be t(-2). Let z = 2524 + i. What is the thousands digit of z?
1
Suppose 117*o + 23*o + 24*o - 2753560 = 0. What is the ten thousands digit of o?
1
Let k(m) = -18*m + 2. Suppose -5*n + 95 = 4*h, 3*h - 6*n = -3*n + 51. Suppose 0 = 5*x - l + h, 4*l = 2*x - 3*x - 25. What is the tens digit of k(x)?
9
Let u(l) = -6*l - 1. Let y be u(-5). Let n(b) = 2*b**2 + 9*b - 107. Let h be n(-10). Suppose 0 = 2*x - h*p - y, -x = 4*p - 5 - 4. What is the tens digit of x?
1
Let x(u) be the first derivative of 2*u**3/3 - 19*u**2/2 + u - 108. What is the tens digit of x(-3)?
7
Let l = 16323 + -6903. What is the thousands digit of l?
9
Let o = 48 - 43. Suppose 5*m + 3*f = 19 + 12, -o*m + 4*f + 17 = 0. Suppose m*n - 26 = 5*c + 474, -3*n + 280 = c. What is the units digit of n?
5
Let g = -2786 + 2930. What is the units digit of g?
4
Suppose 0 = 5*l + 3*v, 4*v = 4*l - 15 - 17. Suppose b + 73 = -i, -l*i + i - 131 = -b. What is the tens digit of (-18)/(-2 + i/(-40)) + 4?
6
Suppose -2591593 = 120*g - 4377945 - 3964168. What is the thousands digit of g?
7
Let m(d) be the third derivative of -d**4/6 + 9*d**2. Let k be m(-1). Suppose -249 = -3*q - k*x, x - 117 = -q - 35. What is the units digit of q?
9
Suppose 1227283 = -124*n + 4507827. What is the hundreds digit of n?
4
Let c be (-3)/(-30) + (-1498)/(-20). Let f = c + -73. Suppose f*j + 3*j + 214 = 3*s, -257 = -4*s + j. What is the tens digit of s?
6
Suppose 3*f + 16*f = 76. What is the tens digit of (-1)/(f/28) - -1052?
4
What is the hundreds digit of -4 + 2219*(-192)/(-112)?
8
Let l(s) = s**3 + 12*s**2 - 33*s + 12. Suppose 0*i - 4*i + 3*t = 44, 0 = 4*i + 2*t + 64. Let w be l(i). Let j = w - 49. What is the tens digit of j?
3
Suppose 0 = -7*y + 24 + 11. Suppose 5*u - z - 10 = 0, -3*z = -10*u + y*u + 20. What is the units digit of (4/(-2)*u)/(12/(-786))?
1
Suppose -105*c - 50187 = -3*h - 103*c, -2*h + 33458 = -5*c. What is the ten thousands digit of h?
1
Let t(y) = 8*y + 6. Let d be t(-4). Let x = 94 - d. Let l = 9 + x. What is the hundreds digit of l?
1
Suppose -5*y + 120 - 40 = 0. Suppose -4*h + 5*h - 11 = 0. Let u = y - h. What is the units digit of u?
5
Let p(n) be the first derivative of n**4/4 + 8*n**3/3 - 4*n**2 + 13*n + 31. Let z be p(-9). Suppose -c - 468 = -z*c. What is the tens digit of c?
5
Suppose -67*r + 1847636 = 1195305 - 3476410. What is the units digit of r?
3
Let q(d) = 2*d**2 - 5*d + 2. Let k be q(2). Suppose 0*t - 44 = -2*t - 2*n, k = -4*t + 3*n + 123. Suppose -190 - t = -7*i. What is the tens digit of i?
3
Suppose g - 2*g = -4*g. Suppose -7*w + 0 = -g. Suppose -5*y + 94 - 4 = w. What is the tens digit of y?
1
Suppose 4*v + 6 = 7*v. Let s be v/(-2)*(-3)/1. Suppose s*x = 5*k + 488, -5*x - 2*k + 860 = -k. What is the hundreds digit of x?
1
Suppose -84160 - 83167 = -42*g + 182533. What is the tens digit of g?
3
Let q(f) be the second derivative of -11*f**3/2 - 153*f**2/2 + 76*f + 1. What is the tens digit of q(-9)?
4
Suppose 5*t + 2*t = -420. Let p = -50 - t. Suppose -207 - 643 = -p*o. What is the tens digit of o?
8
Suppose 5575 = -40*f + 35*f. Let j = -623 - f. What is the hundreds digit of j?
4
Suppose -f = -3*d + 59905 + 20628, 0 = 4*d + 5*f - 107428. What is the tens digit of d?
4
Suppose -25*w + 30*w - 2*f = 56619, -5*w + 3*f + 56616 = 0. What is the thousands digit of w?
1
Let d(w) = 79*w**3 - 1. Let s be d(-1). Let o = 95 - s. Suppose a - 6*a = -o. What is the tens digit of a?
3
Let p = -97063 + 157050. What is the units digit of p?
7
Suppose -5*g = 2*z - 5886, -2*g - z + 2366 = -6*z. Suppose -5*i + g + 2157 = 0. What is the hundreds digit of i?
6
What is the units digit of -14 - -29447 - (-2 + 10)?
5
Let b = -176 - -282. Suppose 184 + b = 2*n. Let f = n + -57. What is the units digit of f?
8
Let f(r) = 4*r - 16. Let o(h) = -h. Let w(p) = f(p) - 5*o(p). Let g be w(5). Suppose a - g = -2*u, -u - 123 = -6*a + a. What is the units digit of a?
5
Let c = 83 + -12. Suppose 3*j + c = 266. What is the units digit of 3585/j - 6/39?
5
Let g = -30804 - -55236. What is the thousands digit of g?
4
Suppose -4*w - 28 = -d - 430, 5*d + 2100 = 2*w. Let i = 1512 + d. What is the thousands digit of i?
1
What is the units digit of 4*12/40*(-52465)/(-42)?
9
Let u be (-349206)/(-297) - (-2)/9. Suppose 2*i + 182 = 3*d + u, 2*i - 5*d = 998. What is the units digit of i?
4
What is the hundreds digit of (-3)/(-2) + 51709/28*6?
0
Suppose 13 - 10 = -3*q. Let v be 56 - (1 + -4 + q). Let d = v + -57. What is the units digit of d?
3
Let a = 9 - 2. Suppose -6*y + a*y = 183. What is the tens digit of y?
8
Let b(o) = -o**3 - 6*o**2 - 7*o - 6. Let l be b(-5). Let x be 0 + 3/12 + 795/l. Let v = x - 73. What is the tens digit of v?
2
Let l = 8 + -5. Let b(c) = -31*c + 2. Let t(f) = 31*f - 3. Let s(m) = l*t(m) + 4*b(m). What is the units digit of s(-3)?
2
Suppose o + 3*m - 152 = 0, -3*o - 3*m = m - 461. Suppose o = 4*s - y - 1129, s + 5*y = 300. What is the hundreds digit of s?
3
Suppose 3*g + 2*x = 151753, 0 = 4*g + 11*x - 112134 - 90195. What is the tens digit of g?
8
What is the hundreds digit of 5022/243*(201 - 0)?
1
Let h(y) = -32*y + 1. Let p = -43 + -5. Let d = -52 - p. What is the hundreds digit of h(d)?
1
Let f(g) = -3*g**2 - 12*g - 33. Let q be f(-7). Let s be (q/(-80))/((-3)/10). What is the units digit of 1 + (37/3 - s/6)?
4
Let f(m) be the second derivative of 5*m**4/12 + 4*m**3/3 - 3*m**2/2 - 3*m - 35. What is the units digit of f(12)?
3
Let v(c) = 1. Let j(f) = -3*f - 8. Let y(z) = j(z) + 6*v(z). Let i be y(0). What is the tens digit of (46 - -1)/(3 + i)?
4
Suppose -14859 = -11*y + 62555 + 15404. What is the tens digit of y?
3
Suppose 5*j = -5*r + 45, 3*j + r - 27 = 3*r. Let n(d) = -2*d - 22. Let f be n(j). What is the tens digit of -1 + f*6/(-3)?
7
Let m = 87 + -85. What is the tens digit of ((-20)/(-50))/(m/(1 - -5269))?
5
Let t = -90 + 82. Let w be (-222)/t + (-1 - 30/(-24)). Suppose 24*f = w*f - 176. What is the tens digit of f?
4
Let i = -170 + 101. Let f = 30 - i. What is the tens digit of f?
9
Let m = -328 - -331. Suppose -k - 4 = 0, 0 = -m*o - 5*k + 3*k + 2815. What is the tens digit of o?
4
Let l(q) = 3*q**2 - 7. Suppose 0 = -3*y - 4*f - 8, -3*y - 4 + 10 = -3*f. Let b be (3 + (5 - y))*(-1)/(-2). What is the units digit of l(b)?
1
Suppose 3*t - 2*a - 728 = 0, -948 = 6*t - 10*t - 3*a. Suppose 1738 = 2*y + t. What is the units digit of y?
9
Let f(d) = 7*d - 104. Let b be f(14). Let z(j) = 11*j - 20 + j**2 - 21*j - 9. What is the tens digit of z(b)?
6
Let h = 26 - 3. Suppose -18*j + h*j = 1350. What is the hundreds digit of j?
2
Let b(k) = -k**3 - k + 2. Let m be 279/(-45) + (-2)/(-10). What is the units digit of b(m)?
4
Let g = -24025 + 55675. What is the tens digit of g?
5
Let u(p) = 48 + 47 - 26 - 2*p. What is the units digit of u(-13)?
5
What is the hundreds digit of (8/(256/38576))/((-1)/(-6))?
2
Let a(c) = c**2 + 7*c - 13. Let t be a(-9). Let x(l) = l**3 - 3*l**2 - 5*l - 1. Let g be x(t). Suppose g = 2*z - 228. What is the hundreds digit of z?
1
Let l = 3090 + 27980. What is the hundreds digit of l?
0
Supp